et a = w - -2. Let n be (-16)/(24/(-9) + a). What is the greatest common divisor of n and 12?
12
Let u(p) = 2*p**2 + 2*p. Let c be u(2). Calculate the highest common factor of 108 and c.
12
Let q(w) = w**2 - 2*w - 1. Let t = -4 - -7. Let b be q(t). Suppose -2*k = 4*o - 36, -b*k + 5*k - 54 = 5*o. What is the highest common divisor of k and 198?
18
Suppose 0 = -z + 22. What is the highest common divisor of 2 and z?
2
Let x(u) = u**2 - 8*u + 13. Let w be x(7). What is the greatest common factor of w and 54?
6
Let y(j) = -44*j - 2. Let r be y(-1). Calculate the greatest common divisor of 14 and r.
14
Let h = 13 + -8. Suppose -4*n = -45 + 5. Suppose -3*w = -w - n. What is the greatest common factor of h and w?
5
Let h be (-3)/4 + (-385)/(-44). Let b = h + 10. What is the greatest common divisor of 144 and b?
18
Let p(r) = -3*r. Let o be (-2)/3 + (-1)/3. Let d be p(o). Suppose 7*h = 3*h + 84. What is the greatest common divisor of h and d?
3
Let h(g) = -g**3 + 8*g**2 - 11*g + 8. Let m(x) = 7*x**3. Let t be m(1). Let j be h(t). Let c be (3/6)/((-1)/j). Calculate the greatest common factor of 2 and c.
2
Suppose -4*y = -5*a + 99, y = 3*a - 2*y - 57. What is the highest common factor of 253 and a?
23
Let t = 109 + -87. What is the greatest common factor of t and 11?
11
Let f be ((-22)/(-33))/(2/(-9)). Let k be f/1*(-32)/6. Calculate the highest common divisor of 80 and k.
16
Let n = 0 - -1. Let r be -21*n*1/(-3). Let c(j) = 11*j**2 + 3*j - 1. Let u be c(2). Calculate the greatest common divisor of u and r.
7
Let k = 111 - 95. Suppose -4*a + 667 = -37. Calculate the greatest common divisor of a and k.
16
Let f = -12 - -23. Suppose b = 101 - f. What is the greatest common factor of b and 36?
18
Let s(t) = 6*t + 6 - t - 9 - 3. Suppose 5*r = 5*g + 10, -4*r + 6 - 2 = -5*g. Let d be s(r). What is the greatest common divisor of d and 16?
8
Let z be (0 + -4)*1 - -1. Let t be ((-52)/12)/(1/z). Suppose 5*g = 62 + 263. What is the greatest common divisor of t and g?
13
Suppose 0 = -3*w, k - 17 = -4*w - 1. Let q be -287*-1*6/7. Suppose -2*h = -5*z - q, 3*h + 0*z = 2*z + 380. Calculate the greatest common divisor of h and k.
16
Suppose 507 = 3*o + 3*s, 892 = 4*o + 2*s + 214. What is the greatest common factor of 17 and o?
17
Let q be ((-6)/9)/((-4)/114). Suppose -2*c + 6*c = 684. Calculate the highest common factor of q and c.
19
Let w(h) = -10*h - 4. Let k be w(-1). What is the highest common divisor of 48 and k?
6
Suppose 2*t = 16 + 12. Suppose 4*v + i = 47, -5*i + t = v - 4*i. What is the highest common factor of v and 11?
11
Let f = 10 + 24. Let l be 270/(-2)*(-3 + 4). Let i = l - -220. Calculate the highest common factor of f and i.
17
Let k = -22 + 26. Calculate the highest common factor of 36 and k.
4
Suppose 50 = 2*i - 0. What is the greatest common factor of 5 and i?
5
Let u = 7 - 3. What is the highest common divisor of 1 and u?
1
Let y be (2 - -14) + (-2 - -2). Suppose 4*o = -3*z + y - 1, 0 = 5*z - 3*o - 54. Calculate the highest common divisor of z and 45.
9
Let n be 2/((-14)/8 + 2). Let v(i) = -i**2 - 8*i + 8. Let f = 10 - 18. Let y be v(f). What is the greatest common factor of n and y?
8
Let i(r) = -5*r**2 - 20. Let q(c) = c**2 + 1. Let v(k) = -i(k) - 4*q(k). Let l be v(0). What is the greatest common factor of 144 and l?
16
Suppose 0*i + 4*r = 3*i - 229, -3*i + r + 226 = 0. Let n(y) = -y**2 + 10*y - 3. Let x be n(10). Let q = 18 + x. Calculate the greatest common factor of i and q.
15
Suppose -2*c - 2*c = -12. Suppose o + 772 = 5*z, o + 0 + 2 = 0. Suppose c*n - n = z. What is the greatest common divisor of 7 and n?
7
Suppose j - 1 - 7 = 0. Suppose -j = -5*n + 3*n. Let v be n/10 - (-696)/10. What is the greatest common divisor of 14 and v?
14
Suppose 2*l + 0 = 28. Suppose -3 + 1 = -q. Suppose -6*d + 28 = -q*d. What is the highest common factor of d and l?
7
Suppose 2*n - q + 0*q - 125 = 0, 59 = n - 4*q. What is the greatest common divisor of n and 7?
7
Suppose -n + 4*p = -0*p - 23, -5*p - 10 = 5*n. Suppose -77 = -n*g - 17. What is the highest common divisor of 140 and g?
20
Let d = 1 + -4. Let m be (2/d)/((-2)/6). Let p be (7/(-2) + 3)/(1/(-12)). What is the greatest common factor of m and p?
2
Suppose 3*z + 4*u = 263, 3*z + 3*u - 4*u = 238. Suppose -3*j = -3*v - 24, -4*v = -1 - 3. Calculate the greatest common factor of j and z.
9
Suppose -44 = 2*j - 4*j. Suppose 4*k + 20 = 3*s, j + 18 = 2*s + 4*k. What is the greatest common divisor of s and 72?
12
Suppose m + 0*m = v + 148, -4*m - 2*v = -574. Calculate the highest common factor of m and 29.
29
Let f(k) = k**3 - 4*k**2 - 3*k - 5. Let y be f(5). What is the highest common factor of 5 and y?
5
Let y(h) = -h + 15. Let o be y(0). Suppose -4*v + o = v. Suppose v*d - 40 = -d. Calculate the highest common factor of 5 and d.
5
Let b(k) be the third derivative of -11*k**6/120 - k**5/15 + k**3/2 + 8*k**2. Let i be b(-3). Calculate the highest common factor of i and 24.
24
Suppose 200 - 55 = k - 3*r, -4*k + 2*r + 550 = 0. What is the highest common divisor of k and 17?
17
Suppose 4*v = v + 6. Let y(x) = -x**3 + 3*x**2 - 2*x + 3. Let w be y(v). Let q = 0 + w. Calculate the greatest common factor of 1 and q.
1
Suppose -w + 1 + 1 = 0. Suppose -3*c + 20 = w*c. What is the greatest common factor of 32 and c?
4
Let s(a) = -a**3 + 3*a**2 + 4*a - 3. Let q be s(3). Let f(g) = g**2 - 11*g - 6. Let k be f(14). Calculate the greatest common divisor of k and q.
9
Let a be 2/(-9) - (-1337)/63. What is the greatest common factor of a and 84?
21
Let n be 2/(1 + 49/(-51)). Suppose 16 = -5*p + n. Suppose 4*s = -y - 3*y + 52, -3*s = -y + 17. What is the greatest common factor of y and p?
7
Let c be (1 - (1 - 1)) + -3. Let h = 4 + -1. Let j = h - c. What is the highest common divisor of 35 and j?
5
Suppose -4*c - c = -360. Suppose 4*k + 7 = 5*q + 38, k = 4*q + 5. What is the highest common factor of k and c?
9
Let j(s) = -2*s**3 - 8*s**2 + 3*s - 7. Let f be j(-7). Calculate the greatest common divisor of 38 and f.
38
Suppose 4*p - 283 + 27 = 0. Calculate the highest common divisor of 16 and p.
16
Let b = -9 - -21. Calculate the greatest common factor of b and 4.
4
Let p be 1/4 + (-71)/(-4). Suppose 3*s + 5*c = 7*s - 63, 0 = -2*s + 3*c + 33. Calculate the highest common divisor of p and s.
6
Suppose s - 6 = 3. Calculate the highest common factor of 27 and s.
9
Let y(v) = -v**3 - 5*v**2 - 4*v - 8. Let b be y(-5). Calculate the highest common divisor of b and 12.
12
Suppose 5*x - 997 = s, 5*x = 5*s + 437 + 548. What is the greatest common divisor of 80 and x?
40
Suppose -3*b + 6 = 0, -4*n = -b + 7 + 19. Let x be (n/(-5))/(3/60). Calculate the greatest common factor of x and 264.
24
Suppose a + 42 = 2*h, -h + 2*a + 64 = 2*h. What is the highest common factor of 10 and h?
10
Let c = 7 + -24. Let a be 122/5 - 2/5. Let h = a + c. What is the highest common factor of 14 and h?
7
Suppose 2*x - 4*g - 103 = g, -5*g = 5*x - 275. Let o be (-2)/13 - x/(-13). Calculate the greatest common divisor of o and 6.
2
Let l be 0 - (-5)/((-15)/(-6)). Suppose 4*y = 2*j, 3*j - 3 = y + 2. Suppose 52 = l*d + j*d. Calculate the highest common factor of d and 39.
13
Suppose 0 = -4*u + 68 + 1132. What is the greatest common factor of u and 10?
10
Let g = 6 + -1. Let n = -107 + 29. Let o = -33 - n. What is the highest common factor of o and g?
5
Let r(i) be the third derivative of 1/6*i**3 + 2*i**2 + 7/12*i**4 + 0*i + 0 - 1/60*i**5. Let x be r(8). Calculate the greatest common factor of 7 and x.
7
Let n(t) = t**2 - 4*t + 1. Let k be n(6). What is the highest common factor of k and 13?
13
Let s(n) = 2*n**2 + 3*n + 2. Let r be s(-4). Let x = 57 - r. What is the greatest common factor of x and 7?
7
Suppose 6*r = 4 + 62. What is the highest common factor of r and 121?
11
Suppose 5*t - 28 = t. Suppose -2*a = -t*a + 30. Suppose 4*p - 50 + 14 = 0. What is the highest common factor of p and a?
3
Suppose r + 29 = 3*s, -4*s + 6*r = 2*r - 44. Calculate the highest common divisor of 81 and s.
9
Let v(w) = -3*w + 13. Let m be v(-9). Calculate the greatest common factor of m and 5.
5
Let j(d) = 2 - 3 - 25*d - 31*d + 5*d. Let y be j(-1). Calculate the highest common factor of y and 10.
10
Suppose 0 = -x + h + 89, 3*x = x - 3*h + 158. Let k be 22/4 - (-2)/(-4). Let r = k 